Dec 01 02:07:46.781 INFO testing sivakov512/goto-project-rs against master#8940af3cea4a9a9deabcaf843b2f8cad9a83fc61 for beta-1.31-5
Dec 01 02:07:46.786 INFO running `"docker" "create" "-v" "/mnt/big/crater/work/local/target-dirs/beta-1.31-5/worker-2/master#8940af3cea4a9a9deabcaf843b2f8cad9a83fc61:/target:rw,Z" "-v" "/mnt/big/crater/work/local/test-source/worker-2/beta-1.31-5/master#8940af3cea4a9a9deabcaf843b2f8cad9a83fc61:/source:ro,Z" "-v" "/mnt/big/crater/work/local/cargo-home:/cargo-home:ro,Z" "-v" "/mnt/big/crater/work/local/rustup-home:/rustup-home:ro,Z" "-e" "USER_ID=1000" "-e" "SOURCE_DIR=/source" "-e" "USER_ID=1000" "-e" "CMD=cargo +8940af3cea4a9a9deabcaf843b2f8cad9a83fc61-alt build --frozen" "-e" "CARGO_TARGET_DIR=/target" "-e" "CARGO_INCREMENTAL=0" "-e" "RUST_BACKTRACE=full" "-e" "RUSTFLAGS=--cap-lints=warn" "-e" "CARGO_HOME=/cargo-home" "-e" "RUSTUP_HOME=/rustup-home" "-m" "1536M" "--network" "none" "crater"`
Dec 01 02:07:47.133 INFO [stdout] 9674aedb68c8dacab3a1616715eb46788c68ac151c6a1425859cc364dd232a36
Dec 01 02:07:47.133 INFO running `"docker" "start" "-a" "9674aedb68c8dacab3a1616715eb46788c68ac151c6a1425859cc364dd232a36"`
Dec 01 02:07:48.401 INFO [stderr] usermod: no changes
Dec 01 02:07:48.593 INFO [stderr]    Compiling subprocess v0.1.16
Dec 01 02:07:48.593 INFO [stderr]    Compiling dirs v1.0.4
Dec 01 02:07:48.593 INFO [stderr]    Compiling yaml-rust v0.4.2
Dec 01 02:07:48.593 INFO [stderr]    Compiling syn v0.15.7
Dec 01 02:07:56.355 INFO [stderr]    Compiling serde_yaml v0.7.5
Dec 01 02:08:05.735 INFO [stderr]    Compiling serde_derive v1.0.79
Dec 01 02:08:21.559 INFO [stderr]    Compiling goto_project v0.1.2 (/source)
Dec 01 02:08:26.381 INFO [stderr]     Finished dev [unoptimized + debuginfo] target(s) in 37.94s
Dec 01 02:08:26.390 INFO [stderr] su: No module specific data is present
Dec 01 02:08:27.372 INFO running `"docker" "inspect" "9674aedb68c8dacab3a1616715eb46788c68ac151c6a1425859cc364dd232a36"`
Dec 01 02:08:27.617 INFO running `"docker" "rm" "-f" "9674aedb68c8dacab3a1616715eb46788c68ac151c6a1425859cc364dd232a36"`
Dec 01 02:08:27.915 INFO [stdout] 9674aedb68c8dacab3a1616715eb46788c68ac151c6a1425859cc364dd232a36
Dec 01 02:08:27.923 INFO running `"docker" "create" "-v" "/mnt/big/crater/work/local/target-dirs/beta-1.31-5/worker-2/master#8940af3cea4a9a9deabcaf843b2f8cad9a83fc61:/target:rw,Z" "-v" "/mnt/big/crater/work/local/test-source/worker-2/beta-1.31-5/master#8940af3cea4a9a9deabcaf843b2f8cad9a83fc61:/source:ro,Z" "-v" "/mnt/big/crater/work/local/cargo-home:/cargo-home:ro,Z" "-v" "/mnt/big/crater/work/local/rustup-home:/rustup-home:ro,Z" "-e" "USER_ID=1000" "-e" "SOURCE_DIR=/source" "-e" "USER_ID=1000" "-e" "CMD=cargo +8940af3cea4a9a9deabcaf843b2f8cad9a83fc61-alt test --frozen --no-run" "-e" "CARGO_TARGET_DIR=/target" "-e" "CARGO_INCREMENTAL=0" "-e" "RUST_BACKTRACE=full" "-e" "RUSTFLAGS=--cap-lints=warn" "-e" "CARGO_HOME=/cargo-home" "-e" "RUSTUP_HOME=/rustup-home" "-m" "1536M" "--network" "none" "crater"`
Dec 01 02:08:28.607 INFO [stdout] cb176e629b2cca23e101f1a30020a480be814b51ce9bf5f5fcdea2cb0a456324
Dec 01 02:08:28.615 INFO running `"docker" "start" "-a" "cb176e629b2cca23e101f1a30020a480be814b51ce9bf5f5fcdea2cb0a456324"`
Dec 01 02:08:30.139 INFO [stderr] usermod: no changes
Dec 01 02:08:30.284 INFO [stderr]    Compiling goto_project v0.1.2 (/source)
Dec 01 02:08:33.929 INFO [stderr]     Finished dev [unoptimized + debuginfo] target(s) in 3.75s
Dec 01 02:08:33.937 INFO [stderr] su: No module specific data is present
Dec 01 02:08:34.555 INFO running `"docker" "inspect" "cb176e629b2cca23e101f1a30020a480be814b51ce9bf5f5fcdea2cb0a456324"`
Dec 01 02:08:34.997 INFO running `"docker" "rm" "-f" "cb176e629b2cca23e101f1a30020a480be814b51ce9bf5f5fcdea2cb0a456324"`
Dec 01 02:08:35.311 INFO [stdout] cb176e629b2cca23e101f1a30020a480be814b51ce9bf5f5fcdea2cb0a456324
Dec 01 02:08:35.314 INFO running `"docker" "create" "-v" "/mnt/big/crater/work/local/target-dirs/beta-1.31-5/worker-2/master#8940af3cea4a9a9deabcaf843b2f8cad9a83fc61:/target:rw,Z" "-v" "/mnt/big/crater/work/local/test-source/worker-2/beta-1.31-5/master#8940af3cea4a9a9deabcaf843b2f8cad9a83fc61:/source:ro,Z" "-v" "/mnt/big/crater/work/local/cargo-home:/cargo-home:ro,Z" "-v" "/mnt/big/crater/work/local/rustup-home:/rustup-home:ro,Z" "-e" "USER_ID=1000" "-e" "SOURCE_DIR=/source" "-e" "USER_ID=1000" "-e" "CMD=cargo +8940af3cea4a9a9deabcaf843b2f8cad9a83fc61-alt test --frozen" "-e" "CARGO_TARGET_DIR=/target" "-e" "CARGO_INCREMENTAL=0" "-e" "RUST_BACKTRACE=full" "-e" "RUSTFLAGS=--cap-lints=warn" "-e" "CARGO_HOME=/cargo-home" "-e" "RUSTUP_HOME=/rustup-home" "-m" "1536M" "--network" "none" "crater"`
Dec 01 02:08:35.747 INFO [stdout] 1b9fd299e54b2897dfe87f28ca01d666e970e1e4b700fa60310c7b6c51c3f519
Dec 01 02:08:35.752 INFO running `"docker" "start" "-a" "1b9fd299e54b2897dfe87f28ca01d666e970e1e4b700fa60310c7b6c51c3f519"`
Dec 01 02:08:36.927 INFO [stderr] usermod: no changes
Dec 01 02:08:37.075 INFO [stderr]     Finished dev [unoptimized + debuginfo] target(s) in 0.11s
Dec 01 02:08:37.087 INFO [stderr]      Running /target/debug/deps/goto_project-6761b0e2ea397858
Dec 01 02:08:37.087 INFO [stdout] 
Dec 01 02:08:37.087 INFO [stdout] running 10 tests
Dec 01 02:08:37.087 INFO [stdout] test projects::tests::parse_returns_all_founded_projects ... ok
Dec 01 02:08:37.103 INFO [stdout] test projects::tests::list_returns_all_project_names ... ok
Dec 01 02:08:37.103 INFO [stdout] test projects::tests::command_string_for_project_without_instructions ... ok
Dec 01 02:08:37.103 INFO [stdout] test projects::tests::command_string_for_project_with_instructions ... ok
Dec 01 02:08:37.103 INFO [stdout] test projects::tests::project_with_all_data_parsed_correctly ... ok
Dec 01 02:08:37.103 INFO [stdout] test projects::tests::project_without_instructions_parsed_correctly ... ok
Dec 01 02:08:37.163 INFO [stdout] test config::tests::new_should_panic_if_config_file_not_found ... ok
Dec 01 02:08:37.163 INFO [stdout] test config::tests::new_returns_correct_config ... FAILED
Dec 01 02:08:37.163 INFO [stdout] test config::tests::load_returns_config_content ... FAILED
Dec 01 02:08:37.163 INFO [stdout] test projects::tests::parse_should_panic_on_invalid_content ... ok
Dec 01 02:08:37.163 INFO [stdout] 
Dec 01 02:08:37.163 INFO [stdout] failures:
Dec 01 02:08:37.163 INFO [stdout] 
Dec 01 02:08:37.163 INFO [stdout] ---- config::tests::new_returns_correct_config stdout ----
Dec 01 02:08:37.163 INFO [stdout] thread 'config::tests::new_returns_correct_config' panicked at 'called `Result::unwrap()` on an `Err` value: Os { code: 2, kind: NotFound, message: "No such file or directory" }', libcore/result.rs:1009:5
Dec 01 02:08:37.163 INFO [stdout] stack backtrace:
Dec 01 02:08:37.163 INFO [stdout]    0:     0x555ae35917bf - std::sys::unix::backtrace::tracing::imp::unwind_backtrace::h3a8b83e1922cbdde
Dec 01 02:08:37.163 INFO [stdout]                                at libstd/sys/unix/backtrace/tracing/gcc_s.rs:49
Dec 01 02:08:37.163 INFO [stdout]    1:     0x555ae359a8b7 - std::sys_common::backtrace::print::h00d3155a29b4020f
Dec 01 02:08:37.163 INFO [stdout]                                at libstd/sys_common/backtrace.rs:71
Dec 01 02:08:37.163 INFO [stdout]                                at libstd/sys_common/backtrace.rs:59
Dec 01 02:08:37.163 INFO [stdout]    2:     0x555ae359559f - std::panicking::default_hook::{{closure}}::hd7465c742e79e1bb
Dec 01 02:08:37.163 INFO [stdout]                                at libstd/panicking.rs:211
Dec 01 02:08:37.163 INFO [stdout]    3:     0x555ae359529e - std::panicking::default_hook::h9e3966f2aa2a6e12
Dec 01 02:08:37.163 INFO [stdout]                                at libstd/panicking.rs:221
Dec 01 02:08:37.163 INFO [stdout]    4:     0x555ae3595c7e - std::panicking::rust_panic_with_hook::h587f091ae747d080
Dec 01 02:08:37.163 INFO [stdout]                                at libstd/panicking.rs:476
Dec 01 02:08:37.163 INFO [stdout]    5:     0x555ae3595821 - std::panicking::continue_panic_fmt::hb3a4fdede87f43a8
Dec 01 02:08:37.163 INFO [stdout]                                at libstd/panicking.rs:390
Dec 01 02:08:37.163 INFO [stdout]    6:     0x555ae3595705 - rust_begin_unwind
Dec 01 02:08:37.163 INFO [stdout]                                at libstd/panicking.rs:325
Dec 01 02:08:37.163 INFO [stdout]    7:     0x555ae35dac0c - core::panicking::panic_fmt::h6f9cebf5e7474a0b
Dec 01 02:08:37.163 INFO [stdout]                                at libcore/panicking.rs:77
Dec 01 02:08:37.163 INFO [stdout]    8:     0x555ae35148d0 - core::result::unwrap_failed::hc1d3b6d446c648cb
Dec 01 02:08:37.163 INFO [stdout]                                at libcore/macros.rs:26
Dec 01 02:08:37.163 INFO [stdout]    9:     0x555ae351472f - <core::result::Result<T, E>>::unwrap::hc4c0e38b218eb6d4
Dec 01 02:08:37.163 INFO [stdout]                                at libcore/result.rs:808
Dec 01 02:08:37.163 INFO [stdout]   10:     0x555ae34bc80f - goto_project::config::tests::FakeConfig::new::ha46a9dac47fd07ec
Dec 01 02:08:37.163 INFO [stdout]                                at src/config.rs:81
Dec 01 02:08:37.163 INFO [stdout]   11:     0x555ae34bcb2d - goto_project::config::tests::new_returns_correct_config::h305899d8082bc341
Dec 01 02:08:37.163 INFO [stdout]                                at src/config.rs:50
Dec 01 02:08:37.163 INFO [stdout]   12:     0x555ae34bcae9 - goto_project::config::tests::new_returns_correct_config::{{closure}}::h2703ffc28aea314d
Dec 01 02:08:37.163 INFO [stdout]                                at src/config.rs:49
Dec 01 02:08:37.163 INFO [stdout]   13:     0x555ae34ce6fd - core::ops::function::FnOnce::call_once::he2a0080d310bb060
Dec 01 02:08:37.163 INFO [stdout]                                at libcore/ops/function.rs:238
Dec 01 02:08:37.163 INFO [stdout]   14:     0x555ae34d381e - <F as alloc::boxed::FnBox<A>>::call_box::hac903f91577a156c
Dec 01 02:08:37.163 INFO [stdout]                                at libtest/lib.rs:1468
Dec 01 02:08:37.163 INFO [stdout]                                at libcore/ops/function.rs:238
Dec 01 02:08:37.163 INFO [stdout]                                at liballoc/boxed.rs:672
Dec 01 02:08:37.163 INFO [stdout]   15:     0x555ae35a5869 - __rust_maybe_catch_panic
Dec 01 02:08:37.163 INFO [stdout]                                at libpanic_unwind/lib.rs:102
Dec 01 02:08:37.163 INFO [stdout]   16:     0x555ae34f5472 - std::sys_common::backtrace::__rust_begin_short_backtrace::hb8f0d0309526c184
Dec 01 02:08:37.163 INFO [stdout]                                at libstd/panicking.rs:289
Dec 01 02:08:37.163 INFO [stdout]                                at libstd/panic.rs:392
Dec 01 02:08:37.163 INFO [stdout]                                at libtest/lib.rs:1423
Dec 01 02:08:37.163 INFO [stdout]                                at libstd/sys_common/backtrace.rs:136
Dec 01 02:08:37.163 INFO [stdout]   17:     0x555ae34f5f24 - std::panicking::try::do_call::hc2f7c8b9a348d8db
Dec 01 02:08:37.163 INFO [stdout]                                at libstd/thread/mod.rs:409
Dec 01 02:08:37.163 INFO [stdout]                                at libstd/panic.rs:313
Dec 01 02:08:37.163 INFO [stdout]                                at libstd/panicking.rs:310
Dec 01 02:08:37.163 INFO [stdout]   18:     0x555ae35a5869 - __rust_maybe_catch_panic
Dec 01 02:08:37.163 INFO [stdout]                                at libpanic_unwind/lib.rs:102
Dec 01 02:08:37.163 INFO [stdout]   19:     0x555ae34e315c - <F as alloc::boxed::FnBox<A>>::call_box::h6bfded618e480b32
Dec 01 02:08:37.163 INFO [stdout]                                at libstd/panicking.rs:289
Dec 01 02:08:37.163 INFO [stdout]                                at libstd/panic.rs:392
Dec 01 02:08:37.163 INFO [stdout]                                at libstd/thread/mod.rs:408
Dec 01 02:08:37.163 INFO [stdout]                                at liballoc/boxed.rs:672
Dec 01 02:08:37.163 INFO [stdout]   20:     0x555ae359342d - std::sys_common::thread::start_thread::h4c28257d67cdf9cb
Dec 01 02:08:37.163 INFO [stdout]                                at liballoc/boxed.rs:682
Dec 01 02:08:37.163 INFO [stdout]                                at libstd/sys_common/thread.rs:24
Dec 01 02:08:37.163 INFO [stdout]   21:     0x555ae35887d5 - std::sys::unix::thread::Thread::new::thread_start::hfecb2e7eff8fd34f
Dec 01 02:08:37.163 INFO [stdout]                                at libstd/sys/unix/thread.rs:90
Dec 01 02:08:37.163 INFO [stdout]   22:     0x7f81d2e7b6b9 - start_thread
Dec 01 02:08:37.163 INFO [stdout]   23:     0x7f81d299b41c - clone
Dec 01 02:08:37.163 INFO [stdout]   24:                0x0 - <unknown>
Dec 01 02:08:37.163 INFO [stdout] 
Dec 01 02:08:37.164 INFO [stdout] ---- config::tests::load_returns_config_content stdout ----
Dec 01 02:08:37.164 INFO [stdout] thread 'config::tests::load_returns_config_content' panicked at 'called `Result::unwrap()` on an `Err` value: Os { code: 2, kind: NotFound, message: "No such file or directory" }', libcore/result.rs:1009:5
Dec 01 02:08:37.164 INFO [stdout] stack backtrace:
Dec 01 02:08:37.164 INFO [stdout]    0:     0x555ae35917bf - std::sys::unix::backtrace::tracing::imp::unwind_backtrace::h3a8b83e1922cbdde
Dec 01 02:08:37.164 INFO [stdout]                                at libstd/sys/unix/backtrace/tracing/gcc_s.rs:49
Dec 01 02:08:37.164 INFO [stdout]    1:     0x555ae359a8b7 - std::sys_common::backtrace::print::h00d3155a29b4020f
Dec 01 02:08:37.164 INFO [stdout]                                at libstd/sys_common/backtrace.rs:71
Dec 01 02:08:37.164 INFO [stdout]                                at libstd/sys_common/backtrace.rs:59
Dec 01 02:08:37.164 INFO [stdout]    2:     0x555ae359559f - std::panicking::default_hook::{{closure}}::hd7465c742e79e1bb
Dec 01 02:08:37.164 INFO [stdout]                                at libstd/panicking.rs:211
Dec 01 02:08:37.164 INFO [stdout]    3:     0x555ae359529e - std::panicking::default_hook::h9e3966f2aa2a6e12
Dec 01 02:08:37.164 INFO [stdout]                                at libstd/panicking.rs:221
Dec 01 02:08:37.164 INFO [stdout]    4:     0x555ae3595c7e - std::panicking::rust_panic_with_hook::h587f091ae747d080
Dec 01 02:08:37.164 INFO [stdout]                                at libstd/panicking.rs:476
Dec 01 02:08:37.164 INFO [stdout]    5:     0x555ae3595821 - std::panicking::continue_panic_fmt::hb3a4fdede87f43a8
Dec 01 02:08:37.164 INFO [stdout]                                at libstd/panicking.rs:390
Dec 01 02:08:37.164 INFO [stdout]    6:     0x555ae3595705 - rust_begin_unwind
Dec 01 02:08:37.164 INFO [stdout]                                at libstd/panicking.rs:325
Dec 01 02:08:37.164 INFO [stdout]    7:     0x555ae35dac0c - core::panicking::panic_fmt::h6f9cebf5e7474a0b
Dec 01 02:08:37.164 INFO [stdout]                                at libcore/panicking.rs:77
Dec 01 02:08:37.164 INFO [stdout]    8:     0x555ae35148d0 - core::result::unwrap_failed::hc1d3b6d446c648cb
Dec 01 02:08:37.164 INFO [stdout]                                at libcore/macros.rs:26
Dec 01 02:08:37.164 INFO [stdout]    9:     0x555ae351472f - <core::result::Result<T, E>>::unwrap::hc4c0e38b218eb6d4
Dec 01 02:08:37.164 INFO [stdout]                                at libcore/result.rs:808
Dec 01 02:08:37.164 INFO [stdout]   10:     0x555ae34bc80f - goto_project::config::tests::FakeConfig::new::ha46a9dac47fd07ec
Dec 01 02:08:37.164 INFO [stdout]                                at src/config.rs:81
Dec 01 02:08:37.164 INFO [stdout]   11:     0x555ae34bce1a - goto_project::config::tests::load_returns_config_content::hec4f4955ccf4d3bf
Dec 01 02:08:37.164 INFO [stdout]                                at src/config.rs:65
Dec 01 02:08:37.164 INFO [stdout]   12:     0x555ae34bcdc9 - goto_project::config::tests::load_returns_config_content::{{closure}}::h2a06723f179a3add
Dec 01 02:08:37.164 INFO [stdout]                                at src/config.rs:64
Dec 01 02:08:37.164 INFO [stdout]   13:     0x555ae34ce50d - core::ops::function::FnOnce::call_once::h6c503e5cb96a123d
Dec 01 02:08:37.164 INFO [stdout]                                at libcore/ops/function.rs:238
Dec 01 02:08:37.164 INFO [stdout]   14:     0x555ae34d381e - <F as alloc::boxed::FnBox<A>>::call_box::hac903f91577a156c
Dec 01 02:08:37.164 INFO [stdout]                                at libtest/lib.rs:1468
Dec 01 02:08:37.164 INFO [stdout]                                at libcore/ops/function.rs:238
Dec 01 02:08:37.164 INFO [stdout]                                at liballoc/boxed.rs:672
Dec 01 02:08:37.164 INFO [stdout]   15:     0x555ae35a5869 - __rust_maybe_catch_panic
Dec 01 02:08:37.164 INFO [stdout]                                at libpanic_unwind/lib.rs:102
Dec 01 02:08:37.164 INFO [stdout]   16:     0x555ae34f5472 - std::sys_common::backtrace::__rust_begin_short_backtrace::hb8f0d0309526c184
Dec 01 02:08:37.164 INFO [stdout]                                at libstd/panicking.rs:289
Dec 01 02:08:37.164 INFO [stdout]                                at libstd/panic.rs:392
Dec 01 02:08:37.164 INFO [stdout]                                at libtest/lib.rs:1423
Dec 01 02:08:37.164 INFO [stdout]                                at libstd/sys_common/backtrace.rs:136
Dec 01 02:08:37.164 INFO [stdout]   17:     0x555ae34f5f24 - std::panicking::try::do_call::hc2f7c8b9a348d8db
Dec 01 02:08:37.164 INFO [stdout]                                at libstd/thread/mod.rs:409
Dec 01 02:08:37.164 INFO [stdout]                                at libstd/panic.rs:313
Dec 01 02:08:37.164 INFO [stdout]                                at libstd/panicking.rs:310
Dec 01 02:08:37.164 INFO [stdout]   18:     0x555ae35a5869 - __rust_maybe_catch_panic
Dec 01 02:08:37.164 INFO [stdout]                                at libpanic_unwind/lib.rs:102
Dec 01 02:08:37.164 INFO [stdout]   19:     0x555ae34e315c - <F as alloc::boxed::FnBox<A>>::call_box::h6bfded618e480b32
Dec 01 02:08:37.164 INFO [stdout]                                at libstd/panicking.rs:289
Dec 01 02:08:37.164 INFO [stdout]                                at libstd/panic.rs:392
Dec 01 02:08:37.164 INFO [stdout]                                at libstd/thread/mod.rs:408
Dec 01 02:08:37.164 INFO [stdout]                                at liballoc/boxed.rs:672
Dec 01 02:08:37.164 INFO [stdout]   20:     0x555ae359342d - std::sys_common::thread::start_thread::h4c28257d67cdf9cb
Dec 01 02:08:37.164 INFO [stdout]                                at liballoc/boxed.rs:682
Dec 01 02:08:37.164 INFO [stdout]                                at libstd/sys_common/thread.rs:24
Dec 01 02:08:37.164 INFO [stdout]   21:     0x555ae35887d5 - std::sys::unix::thread::Thread::new::thread_start::hfecb2e7eff8fd34f
Dec 01 02:08:37.164 INFO [stdout]                                at libstd/sys/unix/thread.rs:90
Dec 01 02:08:37.164 INFO [stdout]   22:     0x7f81d2e7b6b9 - start_thread
Dec 01 02:08:37.164 INFO [stdout]   23:     0x7f81d299b41c - clone
Dec 01 02:08:37.164 INFO [stdout]   24:                0x0 - <unknown>
Dec 01 02:08:37.164 INFO [stdout] 
Dec 01 02:08:37.164 INFO [stdout] 
Dec 01 02:08:37.164 INFO [stdout] failures:
Dec 01 02:08:37.164 INFO [stdout]     config::tests::load_returns_config_content
Dec 01 02:08:37.164 INFO [stdout]     config::tests::new_returns_correct_config
Dec 01 02:08:37.164 INFO [stdout] 
Dec 01 02:08:37.164 INFO [stdout] test result: FAILED. 8 passed; 2 failed; 0 ignored; 0 measured; 0 filtered out
Dec 01 02:08:37.164 INFO [stdout] 
Dec 01 02:08:37.171 INFO [stderr] error: test failed, to rerun pass '--lib'
Dec 01 02:08:37.179 INFO [stderr] su: No module specific data is present
Dec 01 02:08:38.003 INFO running `"docker" "inspect" "1b9fd299e54b2897dfe87f28ca01d666e970e1e4b700fa60310c7b6c51c3f519"`
Dec 01 02:08:38.431 INFO running `"docker" "rm" "-f" "1b9fd299e54b2897dfe87f28ca01d666e970e1e4b700fa60310c7b6c51c3f519"`
Dec 01 02:08:38.683 INFO [stdout] 1b9fd299e54b2897dfe87f28ca01d666e970e1e4b700fa60310c7b6c51c3f519
